ate the remainder when 354 is divided by 116.
6
What is the remainder when 511 is divided by 193?
125
What is the remainder when 1037 is divided by 104?
101
What is the remainder when 56 is divided by 13?
4
Calculate the remainder when 903 is divided by 16.
7
Calculate the remainder when 472 is divided by 30.
22
Calculate the remainder when 84 is divided by 16.
4
Calculate the remainder when 368 is divided by 12.
8
What is the remainder when 766 is divided by 128?
126
What is the remainder when 82 is divided by 81?
1
What is the remainder when 622 is divided by 78?
76
Calculate the remainder when 263 is divided by 18.
11
Calculate the remainder when 31414 is divided by 56.
54
What is the remainder when 44 is divided by 32?
12
What is the remainder when 3285 is divided by 31?
30
What is the remainder when 38 is divided by 30?
8
Calculate the remainder when 525 is divided by 26.
5
Calculate the remainder when 29 is divided by 13.
3
What is the remainder when 211 is divided by 75?
61
Calculate the remainder when 10 is divided by 1.
0
Calculate the remainder when 6027 is divided by 44.
43
What is the remainder when 1317 is divided by 132?
129
Calculate the remainder when 334 is divided by 38.
30
What is the remainder when 320 is divided by 47?
38
What is the remainder when 96 is divided by 38?
20
What is the remainder when 174 is divided by 23?
13
Calculate the remainder when 711 is divided by 43.
23
Calculate the remainder when 688 is divided by 116.
108
Calculate the remainder when 347 is divided by 97.
56
Calculate the remainder when 65 is divided by 14.
9
What is the remainder when 1589 is divided by 37?
35
Calculate the remainder when 835 is divided by 3.
1
What is the remainder when 144 is divided by 26?
14
What is the remainder when 2176 is divided by 153?
34
What is the remainder when 64127 is divided by 12?
11
Calculate the remainder when 664 is divided by 26.
14
Calculate the remainder when 579 is divided by 187.
18
Calculate the remainder when 87 is divided by 8.
7
What is the remainder when 171 is divided by 52?
15
Calculate the remainder when 899 is divided by 296.
11
Calculate the remainder when 321 is divided by 83.
72
Calculate the remainder when 2804 is divided by 85.
84
What is the remainder when 748 is divided by 730?
18
Calculate the remainder when 452 is divided by 65.
62
What is the remainder when 522 is divided by 25?
22
Calculate the remainder when 849 is divided by 44.
13
Calculate the remainder when 105 is divided by 22.
17
Calculate the remainder when 2404 is divided by 777.
73
Calculate the remainder when 230 is divided by 55.
10
Calculate the remainder when 751 is divided by 36.
31
Calculate the remainder when 16937 is divided by 20.
17
What is the remainder when 518 is divided by 5?
3
What is the remainder when 3910 is divided by 22?
16
What is the remainder when 81 is divided by 43?
38
What is the remainder when 387 is divided by 99?
90
Calculate the remainder when 229 is divided by 23.
22
What is the remainder when 127 is divided by 28?
15
Calculate the remainder when 17170 is divided by 81.
79
Calculate the remainder when 119 is divided by 101.
18
What is the remainder when 56 is divided by 20?
16
Calculate the remainder when 299 is divided by 68.
27
What is the remainder when 90 is divided by 49?
41
Calculate the remainder when 103 is divided by 53.
50
Calculate the remainder when 359 is divided by 36.
35
What is the remainder when 272 is divided by 7?
6
Calculate the remainder when 1096 is divided by 106.
36
Calculate the remainder when 2237 is divided by 1106.
25
What is the remainder when 356 is divided by 26?
18
Calculate the remainder when 503 is divided by 30.
23
Calculate the remainder when 89 is divided by 19.
13
Calculate the remainder when 256 is divided by 104.
48
Calculate the remainder when 115 is divided by 36.
7
What is the remainder when 324 is divided by 34?
18
Calculate the remainder when 368 is divided by 53.
50
What is the remainder when 562 is divided by 94?
92
What is the remainder when 179 is divided by 37?
31
Calculate the remainder when 1059 is divided by 20.
19
Calculate the remainder when 958 is divided by 29.
1
Calculate the remainder when 112 is divided by 57.
55
Calculate the remainder when 750 is divided by 59.
42
Calculate the remainder when 285 is divided by 98.
89
Calculate the remainder when 173 is divided by 60.
53
Calculate the remainder when 4169 is divided by 66.
11
Calculate the remainder when 844 is divided by 65.
64
What is the remainder when 74 is divided by 58?
16
Calculate the remainder when 1101 is divided by 19.
18
Calculate the remainder when 476 is divided by 36.
8
Calculate the remainder when 336 is divided by 73.
44
Calculate the remainder when 77 is divided by 41.
36
What is the remainder when 107 is divided by 53?
1
What is the remainder when 1528 is divided by 19?
8
What is the remainder when 200 is divided by 18?
2
What is the remainder when 4780 is divided by 191?
5
What is the remainder when 4537 is divided by 10?
7
What is the remainder when 407 is divided by 82?
79
What is the remainder when 546 is divided by 344?
202
What is the remainder when 4621 is divided by 17?
14
Calculate the remainder when 1064 is divided by 178.
174
What is the remainder when 261 is divided by 24?
21
Calculate the remainder when 2013 is divided by 65.
63
What is the remainder when 628 is divided by 9?
7
Calculate the remainder when 625 is divided by 239.
147
Calculate the remainder when 73 is divided by 9.
1
What is the remainder when 608 is divided by 13?
10
Calculate the remainder when 167 is divided by 13.
11
What is the remainder when 192 is divided by 65?
62
What is the remainder when 102 is divided by 21?
18
Calculate the remainder when 5158 is divided by 161.
6
What is the remainder when 34 is divided by 16?
2
Calculate the remainder when 470 is divided by 189.
92
What is the remainder when 36 is divided by 4?
0
What is the remainder when 143 is divided by 81?
62
Calculate the remainder when 555 is divided by 18.
15
What is the remainder when 33 is divided by 5?
3
Calculate the remainder when 2392 is divided by 47.
42
Calculate the remainder when 554 is divided by 142.
128
What is the remainder when 171 is divided by 35?
31
What is the remainder when 278 is divided by 47?
43
Calculate the remainder when 7 is divided by 1.
0
Calculate the remainder when 272 is divided by 11.
8
What is the remainder when 512 is divided by 31?
16
Calculate the remainder when 1980 is divided by 90.
0
What is the remainder when 5157 is divided by 75?
57
What is the remainder when 896 is divided by 100?
96
Calculate the remainder when 466 is divided by 109.
30
What is the remainder when 5309 is divided by 49?
17
What is the remainder when 562 is divided by 190?
182
What is the remainder when 237 is divided by 110?
17
What is the remainder when 117 is divided by 39?
0
What is the remainder when 1052 is divided by 271?
239
Calculate the remainder when 15289 is divided by 278.
277
What is the remainder when 168 is divided by 58?
52
What is the remainder when 9987 is divided by 333?
330
What is the remainder when 213 is divided by 110?
103
What is the remainder when 114 is divided by 13?
10
What is the remainder when 1506 is divided by 520?
466
What is the remainder when 102 is divided by 37?
28
Calculate the remainder when 1177 is divided by 47.
2
Calculate the remainder when 803 is divided by 79.
13
Calculate the remainder when 541 is divided by 133.
9
Calculate the remainder when 205 is divided by 11.
7
What is the remainder when 1238 is divided by 8?
6
What is the remainder when 208 is divided by 15?
13
Calculate the remainder when 179 is divided by 45.
44
Calculate the remainder when 3417 is divided by 36.
33
Calculate the remainder when 2574 is divided by 92.
90
What is the remainder when 2693 is divided by 29?
25
What is the remainder when 57 is divided by 10?
7
Calculate the remainder when 77 is divided by 16.
13
Calculate the remainder when 115 is divided by 23.
0
What is the remainder when 184 is divided by 47?
43
Calculate the remainder when 361 is divided by 50.
11
Calculate the remainder when 3550 is divided by 74.
72
Calculate the remainder when 26 is divided by 4.
2
What is the r